-3935. Let n(d) = 14*d**2 + 28*d + 6. Determine n(u).
6
Let u be 7 + (6 + -2 - 1) + -11. Let n(b) = -2*b**3 - 8*b**2 + b. Give n(u).
-7
Let w(z) = -18*z + 362. Let j be w(20). Let p(o) = -9*o**2 - 22*o**j - 9*o**2 + 52*o**2. Suppose -x - 4*x - 5 = 0. What is p(x)?
12
Let w be (-2)/7 + (-390)/(-42). Let g(i) = -3*i + 0*i + 39 - 33 - 13 + 4*i. Calculate g(w).
2
Let a(q) = q**2 + 7*q - 1. Suppose -16*t = -25*t + 189. Let c be t/(-3)*(-9)/(-9). Calculate a(c).
-1
Let y(l) be the third derivative of -l**5/30 - l**4/8 + l**3/2 - 2*l**2. Let q = -60664 + 60661. Give y(q).
-6
Let y(o) = -o - 5. Let c = -5 + 0. Let l be y(c). Let m(b) be the first derivative of b**2/2 - 14*b + 24147. What is m(l)?
-14
Suppose -6 + 18 = -4*d, -60 = -3*c + 3*d. Let x(p) = -p**3 + 4*p**2 - p + 1. Let i be x(3). Let z(k) = -c + 55 - 16 - 18 - i*k + k**2. Calculate z(6).
-2
Let w(z) = z. Let h(b) = 11*b - 90. Let p(r) = h(r) - 2*w(r). What is p(11)?
9
Let f be 6/(-33) - (-432)/198. Suppose -10*y + 11*y = -f. Let s(g) = -3 + 2*g**2 - 2*g**3 + g + g + 2. Calculate s(y).
19
Let g(c) = 2*c - 9. Let f be 1*(-2 + 26)/8. Suppose f*w + 3*w = 0. What is g(w)?
-9
Let f(g) = -3*g**2 + 2*g. Suppose 28*a - 4 = 26*a. Let t be (a/(-4))/((-12)/48). What is f(t)?
-8
Let b(z) = 1. Let m(c) = -2*c + 6. Suppose 4*q = 2*q - 8, 2*q = -2*h - 2. Let j(g) = h*b(g) - m(g). Calculate j(-7).
-17
Let h(b) = -b**2 - 12*b - 19. Let p(f) = 212*f + 1687. Let c be p(-8). What is h(c)?
8
Suppose 4*k = w - 5 - 6, -4*w + 2*k = -16. Suppose -5*r = -2*a - 4, 4*a - 17 = -r - w. Let u(i) = 11*i - 7*i + 3*i - 2 - 8*i + 3*i. Determine u(r).
2
Suppose -12*w - 436 = -8*w. Let u = 103 + w. Let b(m) = -m**3 - 5*m**2 + 8*m + 3. What is b(u)?
-9
Let s(c) = -31*c**2 - 89*c - 52. Let v(l) = -7*l**2 - 19*l - 13. Let x(h) = -2*s(h) + 9*v(h). Calculate x(4).
-1
Let n(i) = 93*i - 3067. Let a be n(33). Let m(g) be the first derivative of -3*g - g**a + 1/4*g**4 - g**3 - 34. What is m(3)?
-9
Suppose 827*p + 25 = 802*p. Let z(c) = -22*c**3 - 2*c**2 + c + 2. Give z(p).
21
Let l = -2 - -3. Suppose 21*h - 1469 = 20*h. Let p(s) = -2*s + h*s**2 - 1466*s**2 + 2*s. Calculate p(l).
3
Suppose 2*z - 5*z + 15 = 0. Suppose 5*x = 5*y - 30, -15 = 2*x - 0*y - z*y. Let i(q) = q**3 + 6*q**2 + q - 7. Give i(x).
13
Let j(f) = -f**2 + 4*f. Let a(p) = -2*p**2 + 8*p - 1. Suppose 5*x = -b + 26, -11*b = -7*b - x - 20. Let g(v) = b*a(v) - 11*j(v). Determine g(3).
-3
Suppose -400*t + 558*t = 1580. Let f(b) = b - 8 - 4 + b. Calculate f(t).
8
Let r(h) = 228*h - 169*h - 68*h + 3 + h**2. Let u = 10 + -5. Determine r(u).
-17
Let d(p) = 2 - 1 - 2 + 44*p. Suppose 963*g + 1269 = -683*g + 377*g. Calculate d(g).
-45
Let x(a) = -a**2 - 10*a + 21. Let m = -1584 - -1571. Give x(m).
-18
Let q(k) = -3. Let l be 9 - (65/5 - 7). Let r(g) = g - 21. Let j(v) = l*q(v) - r(v). Determine j(0).
12
Let h(q) = 364*q + 362. Let s be h(-1). Let v(k) = 4*k**3 + k**2 + k + 5. Give v(s).
-25
Let u(p) = p + 17. Let t be u(-9). Let b be ((-2)/(-3))/(t + (-138)/18). Let x(o) be the first derivative of 5*o**2/2 - 3*o + 2. Calculate x(b).
7
Let k(v) = v**3 - 9*v**2 - 11*v + 15. Let i be 3 - (0 + 5) - 1 - -219. Let u = i - 206. Determine k(u).
5
Let r be (1 - 1)/(34 - 31). Let p(z) = -30*z**3 - 5 - z - 7*z**2 + r + 9*z + 31*z**3. Calculate p(6).
7
Suppose -v = -0 - 5. Suppose 16 = -v*z - 24. Let n(r) = 6 - 13*r**3 + 2*r + 4*r - 7*r**2 - 12 + 12*r**3. Calculate n(z).
10
Suppose 27*f + 21 = 30*f + 3*a, -2*a + 26 = 5*f. Let p(r) = -r**3 + 5*r**2 - 9*r + 12. Calculate p(f).
-8
Let v be -2*2/10*(-466 - -471). Let u(i) = 9*i + 34. Determine u(v).
16
Let h(r) be the second derivative of -r**4/12 - 8*r**3/3 - 34*r**2 + 1438*r. Determine h(-5).
-13
Let q(y) be the first derivative of -y**2 + 7*y - 3. Let i = 156 - 151. Suppose 0 = i*v - 4*t - 17, -t = 2*v - 4 - 8. Determine q(v).
-3
Let o(a) = -8*a. Let t be (-6)/1 - ((-18)/21)/((-108)/(-1008)). Give o(t).
-16
Let w = 439 + -435. Let p be -3*w/(-6)*(-105)/(-30). Let o(v) = -v**2 + 6*v + 10. Give o(p).
3
Let f = 162 + -164. Let q be ((-1)/f*0)/2. Let w(s) = -s**2 - s - 8. Calculate w(q).
-8
Let j(h) = h**2 + 5*h - 10. Let s be j(-7). Let y(f) = -f - 3*f - 8 + 14 + 2. What is y(s)?
-8
Let v be (-4)/(-8) - (-3 - (-9)/(-2)). Suppose -v*j - 70 = -18*j. Let t(i) = 2*i - 8. Calculate t(j).
6
Let o(r) = -4*r**2 + 5*r - 3. Suppose 0 = 5*u - 5*n + 2*n - 3, -4*u = -3*n. What is o(u)?
-24
Let o(s) = -s**2 + 42*s - 120. Suppose 216 = 128*l - 168. Determine o(l).
-3
Let a(d) = -67*d**3 + 3*d + 38. Let m(g) = 45*g**3 - 2*g - 27. Let k(h) = 5*a(h) + 7*m(h). Suppose -17*j + 4 = -21*j. Give k(j).
20
Let g be 19 - (-1 - 19)/(-2). Let r be (2 + -2)*(-3 + g + -5). Let s(n) be the third derivative of -n**4/24 + 2*n**3 + n**2. Give s(r).
12
Let g(d) = -d**3 + 6*d**2 + 8*d - 8. Let a be 72/(-540) - 424/(-30). Suppose -91 + a = -11*z. Give g(z).
-1
Let v(k) = 9*k**2 + 2*k + 1. Let h be (-31140)/(-105) - 3/(-7). Let s = h + -298. What is v(s)?
8
Suppose 2*m - 2*r - 2114 = -2*m, -2629 = -5*m - 2*r. Let b be 4/(-6) + m/(-51). Let z(k) = -k**2 - 12*k - 16. Give z(b).
-5
Let g(i) = 5*i**2 - 8*i + 9. Let z(q) = -q**2 - 1. Let p(t) = -g(t) - 4*z(t). Suppose 14*u = 19*u - 2*d - 16, 0 = -4*d + 28. Give p(u).
7
Suppose -2*h = -5*v - 0*v - 372, -3*h + 225 = -3*v. Let m = 29 - v. Let x = m + -97. Let n(g) = g**3 - 7*g**2 + 4*g + 5. What is n(x)?
-7
Let s(c) = 4*c**2 + 11*c + 4. Suppose 37*t + 0 + 11 = -63. Give s(t).
-2
Let t(f) = 9 + 6261*f - 3132*f - 11 - 3136*f. Let a(u) = 5*u - 2*u - 18*u - 6. Let o(y) = -2*a(y) + 5*t(y). What is o(-5)?
27
Let i(n) = -480 + 466 + 1345*n - 662*n - 661*n. Give i(-4).
-102
Suppose 0 = 3052*l - 3077*l + 25. Let k(n) be the first derivative of -n**4 - 2. Give k(l).
-4
Let x(f) = -f**2 + 4*f + 6. Suppose 0 = 141*s + 130 - 835. What is x(s)?
1
Suppose -45 + 1 = 4*w. Let a = w - -11. Let i(l) = l**3 + a*l**3 + 3*l**2 - 4*l + l + 1. What is i(-4)?
-3
Let c = -6956 + 6953. Let y(p) = -70*p - 219. Determine y(c).
-9
Let v be ((-48)/(-104))/((-126)/(-546)). Let b(y) = -2*y**2 + y - 2. What is b(v)?
-8
Let a(o) = -2*o - 2. Let u(b) = b + 3. Suppose -2*r + 27 = -11*r. Let x(w) = r*u(w) - 2*a(w). What is x(-4)?
-9
Let b = -1500 - -1509. Let y(p) be the third derivative of -p**6/120 + p**5/6 - 5*p**4/12 - 4*p**3/3 + 4*p**2. What is y(b)?
-17
Let r = -471 + 475. Suppose 8*t = -r*t - 72. Let v(b) = b**3 + 6*b**2 - 2. Determine v(t).
-2
Let x(a) = -3*a**2 + 34*a + 8. Suppose -49*d + 271 = -317. Calculate x(d).
-16
Let c(o) = -85*o - 4. Let m(a) = 38*a + 2. Let b(h) = 3*c(h) + 7*m(h). Determine b(2).
24
Let t be 256/136 + -2 - (0 - 415/(-85)). Let z(x) = 6*x**2 + 38*x + 10. What is z(t)?
-30
Let w(p) be the second derivative of p**4/12 - 7*p**3/6 + 5*p**2/2 - 9*p. Let k = 926 - 922. Determine w(k).
-7
Let f(x) = 20*x + 81. Let v be f(-6). Let a(i) = i**3 + 37*i**2 - 77*i + 36. Let p be a(v). Let t(r) = -r**2 - 4*r + 1. Give t(p).
4
Suppose 180*a = 184*a - 8. Suppose -13*f - 30 = a*f. Let p(x) = 2*x**2 - x - 1. Determine p(f).
9
Let j(l) = -l - 22. Let i = -29620 - -29623. What is j(i)?
-25
Let k(c) = -c**3 - 6*c**2 + 5*c + 7. Let b be (2 - 19)/170 - 718/20. Let t = b + 29. Give k(t).
21
Suppose -3722 = 216*a - 50. Let v(m) = m**2 + 11*m - 18. Calculate v(a).
84
Let i(v) be the third derivative of v**6/120 + v**5/12 + v**4/8 + 11*v**3/6 + 5*v**2 + 3*v - 30. What is i(-5)?
-4
Suppose 2*j = 6*l - l + 16, 5*l = 3*j - 14. Let z be (38 - 30)*(-1)/j. Let w be 7/z - (30/8 - 4). Let d(c) = 2*c**3 + c - 2. Give d(w).
16
Let c(r) = -7*r**2 + 7*r + 18. Let g(k) = 4*k**2 - 4*k - 10. Let m(h) = -3*c(h) - 5*g(h). Suppose -3*l - 5*l - 2*l = 0. Let p be l/((-2)/(2 + -4)). Give m(p).
-4
Let s(d) be the third derivative of -1/12*d**4 + 0 - 1/3*d**3 + 0*d - 3*d**2. Suppose 105*c - 114*c = 27. Calculate s(c).
4
Let b be ((-50)/6)/((-9)/27). Let d(c) = -c + 26 + 4*c - b. Give d(7).
22
Let c(r) = 2*r**2 + 3*r + 3. Let o(d) = d**3 + 5*d**2 - 7*d - 1. Let w be o(-6). Let z be (-16)/w + 2/10. Determine c(z).
12
Suppose 5*o - o - 16 = 0. Let r = 383 - 378. Let m(q) = o*q**2 + 26*q - 3*q**2 + r + 20*q - 39*q. Determine m(-5).
-5
Let j be -3*((-1)/(-3) - 1). Let m(t) = -4 + 13 + 0*t**j + 11*t + t**2. Let s be 6/11 + -3*(-116)/(-33). What is m(s)?
-1
Let u(b) = -76*b**3 + 6*b**2 + 5*b + 3. Let 